**2 + 3*k - 4. Calculate the remainder when 173 is divided by t(2).
19
Let l = 0 - -25. What is the remainder when l is divided by 7?
4
Let m = 175 + -123. Suppose 5*w - 9*w = -m. Calculate the remainder when 51 is divided by w.
12
Suppose -2*u + 2*j + 43 = 9, -2*u = 4*j - 16. What is the remainder when 1488/u + 6/(-21) is divided by 27?
25
Let w = -8 + 9. Let x(p) = 4*p - 1. Let n be x(1). Calculate the remainder when (-2)/(-2)*(4 - n) is divided by w.
0
Let n = 62 + -29. What is the remainder when 131 is divided by n?
32
Let t be 0/(-2) - (1 + -1). Suppose 5*c + t*j + 3*j - 67 = 0, -j = c - 13. What is the remainder when 55 is divided by c?
13
Let b(v) = 2*v**2 - 20*v + 12. Let m be (-1 - 2)/(-3) + 9. What is the remainder when 45 is divided by b(m)?
9
Let b be -14*(-2)/4 - 2. Suppose 6 = b*n - 2*n. What is the remainder when 6 is divided by n?
0
Suppose 0 = 3*j + 46 - 70. Let k = 8 + 7. What is the remainder when k is divided by j?
7
Let s = -11 - -18. Suppose 3*q = 6*q - 6. Calculate the remainder when s is divided by q.
1
Let b(u) = 93*u**2 - 4*u + 3. Calculate the remainder when b(1) is divided by 32.
28
Suppose -3*p + h + h = -9, 0 = -p - 5*h - 14. Let s be -1 + 1 - 3/p. Let y(d) = -d**3 + 2*d - 4. What is the remainder when 49 is divided by y(s)?
15
Suppose 3*m - 361 = 2*z + 232, -2*m + 5*z = -399. Calculate the remainder when m is divided by 50.
47
Suppose 0 = 2*n - 5*n + 39. What is the remainder when 35 is divided by n?
9
Let f(b) = b**3 + 9*b**2 + 3*b - 5. Let c be f(-4). Let i = -9 + c. Calculate the remainder when i is divided by 28.
26
Let s be 4*(0 + (-2)/(-4)). Suppose 9 + 5 = s*g. Suppose 34 = 3*c - 23. What is the remainder when c is divided by g?
5
Let t(z) = -4*z - 16. Suppose -105 = -3*s + 5*v - 3*v, 0 = -v. What is the remainder when s is divided by t(-7)?
11
Suppose -5*r - 49 = 36. Calculate the remainder when 43 is divided by 1*2 - (r + 4).
13
Let c = -1 - -3. Suppose 4*d + 20 = 2*h, 2*d + h + c = -0*h. Let j(t) = -3*t + 1. Calculate the remainder when 28 is divided by j(d).
8
Let m(d) = -2*d. Let p be m(3). Let l(h) = h**3 + 7*h**2 + h - 1. Let b be l(p). Suppose -4*w = b - 261. Calculate the remainder when w is divided by 20.
18
Let r(u) = u**3 - 5*u**2 + 2*u + 4. Let s be r(4). Let w(f) = -2*f**2 - 6*f - 1. Let x be w(s). Calculate the remainder when 31 is divided by 32/3*x/(-6).
15
Let n(z) = z**2 + 4*z + 6. Let j = -9 + 22. Calculate the remainder when n(-8) is divided by j.
12
Let x(f) = -18*f - 51. What is the remainder when x(-6) is divided by 20?
17
Suppose -5*j = l - 1215, -2*j = -5*j + 3*l + 747. Let v = j - 146. What is the remainder when (-1)/4 - v/(-8) is divided by 7?
5
Calculate the remainder when 63 is divided by (-1)/2 + (-132)/(-8).
15
Let n(s) = -s**3 + 4*s**2 - 3*s + 3. Calculate the remainder when n(2) is divided by 4.
1
Let c(a) = -a**3 + a**2 + 3*a + 1. Let u be c(-2). Suppose -4*o + u*o + f - 46 = 0, 4*o + 5*f = 65. Calculate the remainder when o is divided by 9.
6
Suppose 3*z - 12 = -5*v, 3*z + 2*v + v = 18. Suppose 0 = -4*f - s + 25, 2*f - f - 2*s = -5. Calculate the remainder when z is divided by f.
4
Suppose 2 = n - 0*n, 2*m + 3*n = 50. Calculate the remainder when m is divided by 12.
10
Let x = -47 + 91. What is the remainder when x is divided by 12?
8
Let u(c) = -c**3 - c**2 + 4*c + 6. Let f be u(-4). Suppose -5*l - 16 = -4*h + 11, 0 = 5*h - 2*l - f. Calculate the remainder when 14 is divided by h.
6
Let r(g) = -4*g - 2. Let m be r(2). Let c = m - -16. What is the remainder when 22 is divided by c?
4
Suppose 0*b + 135 = 5*b. Let v(n) = n**3 - 4*n**2 - 6*n + 2. Let x be v(5). Let z(f) = -4*f + 2. Calculate the remainder when b is divided by z(x).
13
Let s be (-3)/(-12) + 135/4. Let c = s + -20. Suppose 5*n + 2 = 2*w + 200, 5*n + 4*w = 204. Calculate the remainder when n is divided by c.
12
Suppose 3*x = -3*h + 429, -577 = -7*h + 3*h + x. Suppose 3*v + 2*b + 26 = 4*v, -2*b + h = 4*v. What is the remainder when v is divided by 12?
10
Calculate the remainder when (-2)/6 - (-172)/3 is divided by 15.
12
Suppose x - 36 = -x. Let k(z) = -z**2 + 2*z. Let d be k(-3). Let g = 25 + d. Calculate the remainder when x is divided by g.
8
Suppose -27 = -3*f - 5*a, -2*f - 3*a = -3 - 15. What is the remainder when 17 is divided by f?
8
Let o = -25 - -50. What is the remainder when (9*8 - -3) + -2 is divided by o?
23
Suppose -2*n + 5 = -n. Suppose -n*q + 8 = -12. Calculate the remainder when 21 is divided by (q + 0)*11/4.
10
Let q be 4 + -1 - -28 - -3. Suppose -5*u + q = -46. Calculate the remainder when 31 is divided by u.
15
Suppose 0*h = 3*h - 15. Suppose -8*q + 9*q = 7. What is the remainder when (-11 + 1)*(-6)/h is divided by q?
5
Suppose 2*c = -12 - 0. Let d = -2 - c. Suppose -z - d*z = -5*u + 65, 4*u - 7 = -5*z. Calculate the remainder when u is divided by 3.
2
Suppose -2*t + q + 23 = 0, 11 - 5 = 2*q. Calculate the remainder when 179 is divided by t.
10
Suppose 0 = 4*l - z - 212, -3*l = l - 5*z - 228. Calculate the remainder when l is divided by 4/(-14) - (-1152)/63.
16
Let j(a) = a**3 - 6*a**2 + 7*a - 5. Let s(o) = o**3 - 5*o**2 + 2*o - 5. Let b = -10 + 15. Let x be s(b). What is the remainder when 14 is divided by j(x)?
4
Let x = -8 + 32. Calculate the remainder when x is divided by 9.
6
Let o = -86 + 121. Let r = -3 + 1. Calculate the remainder when o is divided by 16 + r/1 - 2.
11
Let q(c) = -8*c**3 - 2*c**2 - 2*c - 2. Calculate the remainder when 35 is divided by q(-1).
5
Let h be 24/4 - 0 - -3. Let k = h + 7. Calculate the remainder when 27 is divided by k.
11
Suppose -67 = 4*h - 3*h. Let z = 95 + h. What is the remainder when 55 is divided by z?
27
Suppose -3*c + 2*d = -18, -c + 4*d + 4 = -3*c. Suppose -c*u + 4 + 9 = 5*p, 3*u = -5*p + 11. Suppose -p = m - 6. Calculate the remainder when 7 is divided by m.
2
Suppose l - 35 = -p, 2*l - 158 = -2*l + 2*p. Suppose -2*o = -6*o + 24. Let m = o + 7. What is the remainder when l is divided by m?
12
Suppose 0*m - 12 = -3*t + 3*m, 0 = 5*m + 10. Suppose -t*p + 6 = 0, 5*p + 8 + 42 = f. What is the remainder when f is divided by 17?
14
Let y(x) = -x + 4. Suppose 0 = -3*b - 10 + 1. Suppose -3*z + 2*d = -13 - 44, -d + 76 = 4*z. What is the remainder when z is divided by y(b)?
5
Let j(g) = -1 + 12*g**3 + 25*g - 25*g. Calculate the remainder when j(1) is divided by 3.
2
Let b(o) = 93*o**3 + o**2 - 3*o + 2. Let a = 0 - -24. What is the remainder when b(1) is divided by a?
21
Let f = -24 - -46. Suppose 0 = -3*y + f + 47. Calculate the remainder when y is divided by 13.
10
Let x(k) = 3*k - 2. Calculate the remainder when (-1)/4 + 4230/376 is divided by x(3).
4
Let o(u) = u**3 - 3*u + 1. Suppose 3*a = -3 + 15. Suppose -s = -g, g = a*s + 3*g - 18. Calculate the remainder when o(s) is divided by 5.
4
Let p = 0 - -24. Suppose -2*n = s - 31 + 2, -4*n + 49 = -s. What is the remainder when p is divided by n?
11
Suppose -4*c + 48 = -2*c. Calculate the remainder when c is divided by (-6 - -8)/(2/9).
6
Let h(m) = -2*m - 6. Let p be h(-4). Let s = p + 12. Let w(g) = -g**2 - 7*g - 5. Calculate the remainder when s is divided by w(-5).
4
Let k(m) = m**3 - m + 41. Calculate the remainder when k(0) is divided by -2 - -4*4/1.
13
Suppose -4*u + 0*u - 32 = 0. Let r = 5 + u. Let k(x) = -6*x - 4. Calculate the remainder when 26 is divided by k(r).
12
Let x(t) be the first derivative of 2*t + 2 + 3/2*t**2. Calculate the remainder when 32 is divided by x(3).
10
Let k be -2 + 2 + (51 - -1). Suppose -5*r - 3*q = -k, -r = -0*r - 3*q + 4. Suppose -7 = -3*v + r. Calculate the remainder when 13 is divided by v.
3
Suppose 17 = 4*g - 27. Let m = 2 + 1. Let j(u) = u**2 - 2*u + 3. Calculate the remainder when g is divided by j(m).
5
Suppose 0 = -3*q + 56 + 13. Let v(l) = 3*l + 47. Let w(x) = x + 16. Let p(i) = 4*v(i) - 11*w(i). Calculate the remainder when q is divided by p(0).
11
Let b(a) = -3*a + 20. Let k(g) = 8*g - 59. Let i(c) = -11*b(c) - 4*k(c). Calculate the remainder when 15 is divided by i(-8).
7
Let j(m) = 6*m**2 + 1 + 10*m**2 + 12*m**2. Let a = 8 - 7. What is the remainder when j(a) is divided by 15?
14
Suppose -2*v + 60 = 3*v. Suppose 5*i + 2*s - 6*s = 40, -25 = 5*s. Let c = i - -30. Calculate the remainder when c is divided by v.
10
Calculate the remainder when (-2)/4 - (-225)/